e ten millions digit of 76931276?
7
What is the millions digit of 904475923?
4
What is the thousands digit of 6809629355?
9
What is the units digit of 96069537?
7
What is the ten millions digit of 2636365269?
3
What is the units digit of 335384478?
8
What is the billions digit of 2992951524?
2
What is the ten millions digit of 3048257188?
4
What is the ten thousands digit of 192365865?
6
What is the millions digit of 1200555480?
0
What is the ten millions digit of 26525649?
2
What is the ten millions digit of 149436133?
4
What is the millions digit of 11644860?
1
What is the tens digit of 2112448860?
6
What is the ten millions digit of 430023258?
3
What is the ten thousands digit of 25766662?
6
What is the hundreds digit of 170371169?
1
What is the thousands digit of 117266892?
6
What is the units digit of 266750328?
8
What is the hundreds digit of 77827480?
4
What is the units digit of 617492062?
2
What is the units digit of 39347590?
0
What is the thousands digit of 1808686096?
6
What is the thousands digit of 11273773?
3
What is the units digit of 219098162?
2
What is the hundreds digit of 147044213?
2
What is the hundred millions digit of 188353369?
1
What is the tens digit of 4548224519?
1
What is the hundred thousands digit of 6009063818?
0
What is the hundred millions digit of 266949101?
2
What is the thousands digit of 3217204?
7
What is the hundreds digit of 3253270325?
3
What is the hundred thousands digit of 58793602?
7
What is the ten millions digit of 11160826?
1
What is the hundred millions digit of 142245717?
1
What is the hundred thousands digit of 52049270?
0
What is the ten thousands digit of 303525501?
2
What is the ten thousands digit of 67557135?
5
What is the hundred millions digit of 276341573?
2
What is the hundred millions digit of 128529766?
1
What is the millions digit of 5928215897?
8
What is the units digit of 73841079?
9
What is the hundreds digit of 1174132187?
1
What is the hundred thousands digit of 1108809552?
8
What is the billions digit of 1963237329?
1
What is the thousands digit of 3887127611?
7
What is the ten thousands digit of 2987382593?
8
What is the tens digit of 86923086?
8
What is the tens digit of 24106094?
9
What is the hundred thousands digit of 1847613255?
6
What is the hundreds digit of 307588367?
3
What is the millions digit of 1321082121?
1
What is the thousands digit of 7928561?
8
What is the units digit of 127402358?
8
What is the ten thousands digit of 855201984?
0
What is the millions digit of 48767592?
8
What is the tens digit of 977170163?
6
What is the hundred millions digit of 6654721309?
6
What is the tens digit of 149609997?
9
What is the ten thousands digit of 61209114?
0
What is the hundred millions digit of 1896483509?
8
What is the thousands digit of 35510920?
0
What is the units digit of 3792215032?
2
What is the billions digit of 2918897364?
2
What is the hundred thousands digit of 191512209?
5
What is the thousands digit of 99098452?
8
What is the hundred thousands digit of 4892572538?
5
What is the hundred thousands digit of 500071699?
0
What is the units digit of 411435727?
7
What is the hundreds digit of 5416899864?
8
What is the ten millions digit of 162925303?
6
What is the hundreds digit of 6566445945?
9
What is the hundreds digit of 51326790?
7
What is the ten millions digit of 342101940?
4
What is the hundred millions digit of 440669332?
4
What is the hundred thousands digit of 5259709015?
7
What is the thousands digit of 135952302?
2
What is the ten thousands digit of 166234436?
3
What is the units digit of 500276714?
4
What is the tens digit of 25812837?
3
What is the hundreds digit of 204244697?
6
What is the billions digit of 1613986719?
1
What is the hundred thousands digit of 45084971?
0
What is the ten millions digit of 117167402?
1
What is the ten millions digit of 34097929?
3
What is the hundred thousands digit of 17885146?
8
What is the units digit of 4501340088?
8
What is the hundred thousands digit of 827064041?
0
What is the hundred millions digit of 2134155183?
1
What is the tens digit of 782704330?
3
What is the hundreds digit of 80475789?
7
What is the hundred millions digit of 342842701?
3
What is the ten millions digit of 110118087?
1
What is the units digit of 65244290?
0
What is the ten thousands digit of 3183641097?
4
What is the hundreds digit of 950823535?
5
What is the units digit of 389406054?
4
What is the units digit of 228613202?
2
What is the millions digit of 52119167?
2
What is the hundred thousands digit of 22587965?
5
What is the hundred millions digit of 872052323?
8
What is the units digit of 1063891617?
7
What is the millions digit of 57745026?
7
What is the units digit of 5800660?
0
What is the millions digit of 19217306?
9
What is the tens digit of 53112769?
6
What is the units digit of 35550420?
0
What is the thousands digit of 119415250?
5
What is the hundred thousands digit of 729282395?
2
What is the ten thousands digit of 76314198?
1
What is the ten thousands digit of 711858799?
5
What is the hundred thousands digit of 307416482?
4
What is the millions digit of 1139443072?
9
What is the ten millions digit of 722792794?
2
What is the ten thousands digit of 100516461?
1
What is the hundreds digit of 60206204?
2
What is the hundred thousands digit of 281697323?
6
What is the hundreds digit of 64697840?
8
What is the thousands digit of 507871247?
1
What is the hundred thousands digit of 405125930?
1
What is the thousands digit of 39865945?
5
What is the ten thousands digit of 2704041890?
4
What is the tens digit of 13912510?
1
What is the millions digit of 71843954?
1
What is the ten thousands digit of 1178759934?
5
What is the ten thousands digit of 42832303?
3
What is the thousands digit of 252943101?
3
What is the ten millions digit of 543785747?
4
What is the thousands digit of 39741718?
1
What is the hundreds digit of 30306255?
2
What is the tens digit of 2640799060?
6
What is the millions digit of 11024486?
1
What is the thousands digit of 656709342?
9
What is the thousands digit of 538848360?
8
What is the hundreds digit of 1753036400?
4
What is the thousands digit of 255301350?
1
What is the hundreds digit of 341266714?
7
What is the ten thousands digit of 62745203?
4
What is the hundreds digit of 2059932308?
3
What is the hundreds digit of 35321134?
1
What is the hundreds digit of 10983467?
4
What is the thousands digit of 72225782?
5
What is the units digit of 99060299?
9
What is the units digit of 768592967?
7
What is the thousands digit of 76887832?
7
What is the hundreds digit of 72016476?
4
What is the tens digit of 7469444?
4
What is the millions digit of 7402434?
7
What is the units digit of 92157783?
3
What is the thousands digit of 2384595867?
5
What is the thousands digit of 142799628?
9
What is the hundred thousands digit of 458903435?
9
What is the units digit of 740174984?
4
What is the hundreds digit of 86340922?
9
What is the thousands digit of 21483378?
3
What is the thousands digit of 3262654562?
4
What is the ten millions digit of 2274605018?
7
What is the tens digit of 478671121?
2
What is the thousands digit of 3358062009?
2
What is the ten millions digit of 87491878?
8
What is the billions digit of 4960657505?
4
What is the millions digit of 35725562?
5
What is the millions digit of 448165770?
8
What is the millions digit of 959876613?
9
What is the units digit of 392295623?
3
What is the ten thousands digit of 406009332?
0
What is the hundred thousands digit of 280577555?
5
What is the millions digit of 168411558?
8
What is the tens digit of 9562791?
9
What is the hundred thousands digit of 71672539?
6
What is the hundred millions digit of 315163046?
3
What is the billions digit of 1054856475?
1
What is the units digit of 1289000770?
0
What is the tens digit of 1067429561?
6
What is the thousands digit of 5645493627?
3
What is the ten millions digit of 40841506?
4
What is the thousands digit of 423172353?
2
What is the units digit of 335913126?
6
What is the units digit of 3110624485?
5
What is the ten millions digit of 3645488468?
4
What is the hundred thousands digit of 29681578?
6
What is the units digit of 147309773?
3
What is the hundred millions digit of 169785811?
1
What is the ten mill